 117 a factor of 184275?
True
Does 2 divide 262043?
False
Is 4263089 a multiple of 7?
False
Is 124344 a multiple of 24?
True
Is 79310 a multiple of 86?
False
Does 118 divide 3155674?
True
Is 6465672 a multiple of 24?
True
Is 190152 a multiple of 139?
True
Is 78233 a multiple of 36?
False
Is 14872 a multiple of 22?
True
Does 154 divide 10437658?
True
Is 1538466 a multiple of 60?
False
Is 10 a factor of 156360?
True
Is 6 a factor of 73781?
False
Is 1373 a factor of 2688334?
True
Is 53006 a multiple of 24?
False
Does 5 divide 17107?
False
Is 47 a factor of 1253631?
True
Is 6 a factor of 36432?
True
Does 8 divide 204726?
False
Is 25 a factor of 103553?
False
Is 52 a factor of 126152?
True
Does 4 divide 43428?
True
Is 1095 a factor of 10934670?
True
Is 331 a factor of 126784?
False
Is 162620 a multiple of 14?
False
Is 958158 a multiple of 333?
False
Does 48 divide 1347744?
True
Does 17 divide 111802?
False
Is 376745 a multiple of 2?
False
Is 753 a multiple of 7?
False
Is 7478612 a multiple of 1262?
True
Is 11 a factor of 208394?
False
Does 92 divide 2780700?
True
Is 340850 a multiple of 15?
False
Does 501 divide 6362700?
True
Does 12 divide 4233480?
True
Is 10336 a multiple of 8?
True
Does 110 divide 75680?
True
Is 1119 a factor of 3155580?
True
Is 573 a factor of 86515?
False
Is 13 a factor of 2685905?
False
Is 18 a factor of 13113702?
True
Is 354 a factor of 135110?
False
Is 50043 a multiple of 115?
False
Does 37 divide 1998?
True
Is 219277 a multiple of 34?
False
Does 35 divide 28525?
True
Does 4 divide 269249?
False
Is 6 a factor of 5707?
False
Is 117265 a multiple of 86?
False
Does 127 divide 5000778?
False
Is 59 a factor of 3695347?
True
Does 153 divide 15127263?
True
Does 10 divide 782310?
True
Does 5 divide 51804?
False
Is 25110 a multiple of 49?
False
Is 2791454 a multiple of 562?
True
Is 21045 a multiple of 61?
True
Is 718992 a multiple of 16?
True
Is 4790430 a multiple of 9?
True
Does 252 divide 3184812?
False
Is 1632555 a multiple of 114?
False
Is 16 a factor of 48315?
False
Is 17 a factor of 646102?
True
Is 6 a factor of 74941?
False
Is 11 a factor of 7684679?
False
Is 15 a factor of 838560?
True
Does 26 divide 908300?
False
Is 31 a factor of 18558740?
False
Is 1927369 a multiple of 415?
False
Is 282 a factor of 18795018?
True
Does 177 divide 1521341?
False
Is 29 a factor of 994?
False
Is 162648 a multiple of 11?
False
Is 66 a factor of 191928?
True
Does 10 divide 163070?
True
Is 458889 a multiple of 453?
True
Is 68 a factor of 124848?
True
Does 303 divide 1128212?
False
Does 2 divide 1480515?
False
Is 4675 a multiple of 11?
True
Is 140 a factor of 1197420?
True
Is 74871 a multiple of 12?
False
Does 13 divide 94887?
True
Does 24 divide 55134?
False
Is 586 a factor of 16066362?
True
Does 103 divide 5686115?
True
Does 303 divide 11974909?
False
Is 201708 a multiple of 117?
True
Is 1135900 a multiple of 185?
True
Is 366 a factor of 174224?
False
Is 35274 a multiple of 3?
True
Is 2 a factor of 396253?
False
Is 1702 a factor of 10006058?
True
Does 119 divide 3414229?
True
Does 235 divide 500080?
True
Is 47 a factor of 17850?
False
Does 12 divide 183636?
True
Is 7640 a multiple of 4?
True
Does 372 divide 4261691?
False
Is 699062 a multiple of 167?
True
Is 1261656 a multiple of 18?
True
Is 157 a factor of 11298348?
True
Is 56648 a multiple of 73?
True
Does 12 divide 238560?
True
Does 12 divide 2601524?
False
Is 3211801 a multiple of 5?
False
Is 28827 a multiple of 2?
False
Is 12 a factor of 107088?
True
Is 400 a factor of 73600?
True
Is 6 a factor of 490038?
True
Is 469729 a multiple of 13?
True
Is 19 a factor of 112176?
True
Does 3 divide 95310?
True
Does 49 divide 15069073?
False
Is 4050 a multiple of 25?
True
Does 36 divide 3708?
True
Is 20 a factor of 241726?
False
Is 5 a factor of 1761512?
False
Is 300545 a multiple of 30?
False
Is 133789 a multiple of 59?
False
Is 4465736 a multiple of 11?
True
Is 2 a factor of 217210?
True
Is 182 a factor of 100349?
False
Does 54 divide 519713?
False
Is 8 a factor of 1368888?
True
Does 24 divide 568344?
True
Is 266418 a multiple of 369?
True
Does 21 divide 7806624?
True
Is 125 a factor of 1567844?
False
Does 29 divide 272537?
False
Is 462 a factor of 497574?
True
Does 7 divide 94487?
False
Does 32 divide 69554?
False
Is 2848560 a multiple of 143?
True
Does 62 divide 18426356?
False
Does 74 divide 4735186?
True
Does 20 divide 23349151?
False
Does 25 divide 73025?
True
Is 1665464 a multiple of 38?
True
Does 27 divide 196911?
True
Does 1610 divide 11939760?
True
Is 17 a factor of 552795?
False
Is 191514 a multiple of 61?
False
Is 25 a factor of 1667900?
True
Does 19 divide 19576308?
True
Does 60 divide 743715?
False
Is 561610 a multiple of 10?
True
Does 81 divide 21640?
False
Is 1196561 a multiple of 61?
False
Is 479 a factor of 241416?
True
Is 75642 a multiple of 2?
True
Is 3 a factor of 56736?
True
Does 58 divide 9288178?
True
Is 187435 a multiple of 324?
False
Is 18 a factor of 69984?
True
Is 624085 a multiple of 7?
True
Does 2 divide 11772?
True
Is 107 a factor of 90264?
False
Is 553 a factor of 141582?
False
Does 11 divide 16010775?
True
Is 2496 a multiple of 7?
False
Is 722176 a multiple of 14?
True
Is 531 a factor of 220030?
False
Is 232716 a multiple of 123?
True
Does 17 divide 3371967?
True
Does 834 divide 94242?
True
Is 12 a factor of 46176?
True
Does 794 divide 3885664?
False
Is 49 a factor of 102410?
True
Does 20 divide 577240?
True
Is 4209348 a multiple of 26?
True
Does 38 divide 13020434?
True
Does 3 divide 38163?
True
Does 17 divide 4930?
True
Does 3 divide 161399?
False
Is 1727833 a multiple of 219?
False
Is 34 a factor of 3913502?
True
Is 16492 a multiple of 38?
True
Is 61 a factor of 596397?
True
Does 62 divide 1570522?
True
Is 56 a factor of 349664?
True
Is 130998 a multiple of 30?
False
Does 20 divide 85780?
True
Is 660895 a multiple of 330?
False
Is 1438784 a multiple of 104?
False
Is 8 a factor of 168034?
False
Is 2210280 a multiple of 226?
True
Does 4 divide 3176016?
True
Does 51 divide 16884570?
True
Is 173 a factor of 2701741?
True
Is 14 a factor of 20840883?
False
Is 46 a factor of 738786?
False
Is 53211 a multiple of 3?
True
Is 361 a factor of 5640625?
True
Does 479 divide 331629?
False
Is 41 a factor of 132413?
False
Is 14191755 a multiple of 407?
False
Does 477 divide 16736022?
True
Does 2 divide 4257?
False
Is 227 a factor of 3927218?
False
Is 150784 a multiple of 248?
True
Is 139722 a multiple of 87?
True
Is 1234345 a multiple of 17?
False
Does 5 divide 431850?
True
Is 4987501 a multiple of 8?
False
Does 13 divide 1220076?
True
Is 51937 a multiple of 36?
False
Does 42 divide 12234306?
True
Is 4313023 a multiple of 11?
True
Is 171268 a multiple of 48?
False
Is 5 a factor of 2122010?
True
Is 69 a factor of 1266357?
True
Does 598 divide 554331?
False
Is 10 a factor of 3618170?
True
Does 2 divide 34910?
True
Does 164 divide 113757?
False
Is 72576 a multiple of 21?
True
Is 15 a factor of 698898?
False
Is 483982 a multiple of 56?
False
Is 3 a factor of 70047?
True
Does 154 divide 275544?
False
Is 33911573 a multiple of 34?
False
Does 133 divide 1592941?
True
Is 142 a factor of 312311?
False
Is 23 a factor of 452860?
False
Does 503 divide 108195?
False
Is 695 a factor of 857630?
True
Is 74628 a multiple of 12?
True
Is 5827311 a multiple of 539?
False
Does 4 divide 104862?
False
Does 228 divide 150252?
True
Is 966381 a multiple of 17?
False
Is 394284 a multiple of 103?
True
Is 1439 a factor of 4534289?
True
Is 2 a factor of 444446?
True
Does 3 divide 39620?
False
Does 323 divide 335597?
True
Is 563496 a multiple of 424?
True
Is 71 a factor of 15136?
False
Is 17 a factor of 23166?
False
Is 883961 a multiple of 12?
False
Does 6 divide 44328?
True
Is 1925762 a multiple of 73?
False
Does 584 divide 8176?
True
Is 13 a factor of 226190?
False
Is 3957720 a multiple of 24?
True
Is 3 a factor of 1652442?
True
Is 418240 a multiple of 64?
True
Is 255186 a multiple of 9?
True
Does 26 divide 11899836?
True
Is 38 a factor of 15578?
False
Does 461 divide 9604935?
True
Is 7 a factor of 432628?
True
Is 1130 a factor of 9690835?
False
Is 1325016 a multiple of 168?
True
Is 426 a factor of 16647654?
True
Is 157 a factor of 2996582?
False
Does 8 divide 59880?
True
Is 36 a factor of 3599748?
True
Do